24 divide 1767?
False
Is 12 a factor of 24072?
True
Is 13 a factor of 38729?
False
Does 149 divide 6556?
True
Is 9 a factor of 572?
False
Does 19 divide 719?
False
Is 36 a factor of 1187?
False
Is 9 a factor of 3457?
False
Is 6928 a multiple of 45?
False
Is 21 a factor of 33927?
False
Is 36 a factor of 792?
True
Is 13 a factor of 203?
False
Does 190 divide 2755?
False
Does 26 divide 6552?
True
Does 8 divide 16?
True
Is 15 a factor of 1080?
True
Does 18 divide 4302?
True
Does 23 divide 3312?
True
Is 4 a factor of 896?
True
Does 5 divide 1130?
True
Is 105135 a multiple of 43?
True
Is 82 a factor of 6197?
False
Does 8 divide 9288?
True
Does 28 divide 25403?
False
Is 312 a multiple of 26?
True
Does 2 divide 441?
False
Is 44252 a multiple of 148?
True
Is 6731 a multiple of 30?
False
Is 4374 a multiple of 14?
False
Is 2970 a multiple of 54?
True
Does 11 divide 616?
True
Does 131 divide 14804?
False
Is 45 a factor of 720?
True
Does 9 divide 810?
True
Is 26690 a multiple of 85?
True
Is 19 a factor of 1387?
True
Does 8 divide 963?
False
Does 20 divide 50763?
False
Does 14 divide 1530?
False
Is 20 a factor of 179860?
True
Does 9 divide 2781?
True
Is 1093 a multiple of 32?
False
Does 88 divide 10876?
False
Is 2249 a multiple of 169?
False
Is 3268 a multiple of 34?
False
Is 16 a factor of 5216?
True
Is 33 a factor of 13134?
True
Does 24 divide 21172?
False
Is 48 a factor of 1152?
True
Does 14 divide 869?
False
Does 14 divide 1399?
False
Is 7 a factor of 975?
False
Does 30 divide 3420?
True
Is 392 a multiple of 4?
True
Is 41990 a multiple of 85?
True
Is 116 a factor of 1392?
True
Does 133 divide 3789?
False
Is 5 a factor of 1501?
False
Is 1104 a multiple of 48?
True
Is 72 a factor of 566?
False
Is 24 a factor of 5811?
False
Does 24 divide 325?
False
Does 53 divide 1378?
True
Is 25 a factor of 1383?
False
Is 9 a factor of 90?
True
Is 7358 a multiple of 13?
True
Does 10 divide 120?
True
Is 669 a multiple of 34?
False
Is 210 a multiple of 8?
False
Is 260 a multiple of 28?
False
Is 14 a factor of 14?
True
Does 71 divide 32944?
True
Is 50 a multiple of 18?
False
Is 9 a factor of 21348?
True
Is 81 a factor of 1782?
True
Is 83 a factor of 61583?
False
Does 12 divide 15696?
True
Is 137614 a multiple of 86?
False
Does 21 divide 48544?
False
Is 373 a multiple of 2?
False
Does 3 divide 1020?
True
Is 69 a factor of 3301?
False
Does 44 divide 1443?
False
Is 144 a factor of 94962?
False
Is 228 a multiple of 14?
False
Does 15 divide 34965?
True
Does 11 divide 506?
True
Does 50 divide 1156?
False
Does 2 divide 96?
True
Is 48 a factor of 15016?
False
Is 7059 a multiple of 39?
True
Is 25 a factor of 2475?
True
Is 1064 a multiple of 38?
True
Does 7 divide 671?
False
Is 70 a factor of 210?
True
Is 45688 a multiple of 106?
False
Is 63 a factor of 3363?
False
Is 15 a factor of 29715?
True
Does 53 divide 5300?
True
Is 1488 a multiple of 31?
True
Does 24 divide 3437?
False
Is 27 a factor of 197?
False
Is 31698 a multiple of 54?
True
Is 448 a multiple of 14?
True
Is 13680 a multiple of 15?
True
Is 1990 a multiple of 126?
False
Is 2632 a multiple of 8?
True
Is 52 a factor of 208?
True
Is 64053 a multiple of 33?
True
Is 186 a factor of 19207?
False
Does 84 divide 15613?
False
Is 168 a multiple of 17?
False
Does 113 divide 62037?
True
Does 12 divide 15929?
False
Is 88 a factor of 1232?
True
Is 49560 a multiple of 21?
True
Is 1004 even?
True
Is 12520 a multiple of 20?
True
Is 47 a factor of 61?
False
Does 9 divide 16146?
True
Is 4 a factor of 932?
True
Does 16 divide 9504?
True
Is 24 a factor of 576?
True
Is 35 a multiple of 10?
False
Is 56 a multiple of 14?
True
Does 7 divide 4266?
False
Is 29 a factor of 1305?
True
Is 14 a factor of 2250?
False
Is 38870 a multiple of 169?
True
Does 205 divide 46740?
True
Is 2016 a multiple of 14?
True
Is 44 a factor of 2815?
False
Does 27 divide 12960?
True
Is 4619 a multiple of 67?
False
Does 3 divide 12062?
False
Is 2 a factor of 192?
True
Does 57 divide 2679?
True
Does 9 divide 1320?
False
Is 2830 a multiple of 19?
False
Is 7 a factor of 889?
True
Does 135 divide 84543?
False
Is 654 a multiple of 109?
True
Is 15 a factor of 676?
False
Does 20 divide 1500?
True
Does 170 divide 8160?
True
Is 7328 a multiple of 21?
False
Does 13 divide 897?
True
Does 4 divide 184?
True
Is 33 a factor of 1193?
False
Does 50 divide 2995?
False
Is 5448 a multiple of 4?
True
Is 73 a factor of 1679?
True
Is 536 a multiple of 8?
True
Is 108 a factor of 2246?
False
Does 7 divide 434?
True
Is 3 a factor of 495?
True
Is 3683 a multiple of 64?
False
Does 83 divide 3818?
True
Is 19448 a multiple of 44?
True
Does 59 divide 472?
True
Is 261 a multiple of 9?
True
Is 528 a multiple of 33?
True
Is 1998 a multiple of 111?
True
Is 21 a factor of 336?
True
Does 42 divide 7442?
False
Is 6371 a multiple of 5?
False
Is 164 a multiple of 4?
True
Is 37 a factor of 3922?
True
Is 8 a factor of 15256?
True
Is 6024 a multiple of 6?
True
Is 118 a factor of 25606?
True
Is 56343 a multiple of 234?
False
Is 22 a factor of 16603?
False
Does 30 divide 7703?
False
Is 3 a factor of 168?
True
Does 116 divide 26332?
True
Is 8 a factor of 8481?
False
Is 11258 a multiple of 143?
False
Is 720 a multiple of 13?
False
Is 126 a multiple of 5?
False
Is 76 a factor of 1059?
False
Is 317 a multiple of 15?
False
Is 23 a factor of 819?
False
Is 10 a factor of 9690?
True
Is 7163 a multiple of 29?
True
Is 287 a factor of 52808?
True
Is 8 a factor of 9528?
True
Is 12252 a multiple of 26?
False
Is 164 a multiple of 2?
True
Does 9 divide 15903?
True
Is 94 a factor of 6548?
False
Does 60 divide 420?
True
Is 1679 a multiple of 9?
False
Is 40 a factor of 48?
False
Does 63 divide 2016?
True
Is 2464 a multiple of 16?
True
Does 16 divide 1680?
True
Is 21 a factor of 1575?
True
Does 6 divide 107?
False
Is 350 a multiple of 5?
True
Is 7 a factor of 1029?
True
Is 17 a factor of 137?
False
Is 264 a multiple of 66?
True
Is 8 a multiple of 4?
True
Is 56475 a multiple of 31?
False
Is 13 a factor of 631?
False
Is 33 a factor of 66?
True
Is 639 even?
False
Is 64719 a multiple of 139?
False
Is 2 a factor of 32?
True
Is 5 a factor of 46340?
True
Does 6 divide 3848?
False
Is 1023 a multiple of 2?
False
Is 39 a factor of 22932?
True
Does 5 divide 665?
True
Does 21 divide 100695?
True
Does 124 divide 11284?
True
Does 12 divide 209?
False
Does 14 divide 6552?
True
Does 45 divide 17270?
False
Does 5 divide 1102?
False
Does 6 divide 1022?
False
Is 86420 a multiple of 133?
False
Is 9548 a multiple of 112?
False
Is 9 a factor of 2958?
False
Does 2 divide 529?
False
Is 7650 a multiple of 15?
True
Is 682 a multiple of 8?
False
Does 32 divide 709?
False
Is 159 a factor of 5406?
True
Is 566 a multiple of 3?
False
Does 5 divide 1135?
True
Is 41 a factor of 836?
False
Is 112 a factor of 8064?
True
Is 39 a multiple of 20?
False
Is 13 a factor of 233?
False
Is 570 even?
True
Is 458 a multiple of 5?
False
Is 399 a multiple of 21?
True
Is 1014 a multiple of 26?
True
Does 11 divide 847?
True
Is 281 a factor of 92730?
True
Is 28 a factor of 26096?
True
Is 20736 a multiple of 36?
True
Is 17 a factor of 27064?
True
Is 37 a factor of 3085?
False
Does 16 divide 1056?
True
Is 38 a factor of 25009?
False
Is 27 a factor of 81?
True
Is 2993 a multiple of 16?
False
Is 8 a factor of 352?
True
Is 43 a factor of 9684?
False
Is 103 a factor of 64720?
False
Is 67 a factor of 107712?
False
Is 84 a multiple of 21?
True
Is 12 a factor of 3082?
False
Is 8 a factor of 8800?
True
Is 38 a factor of 836?
True
Is 5 a factor of 8685?
True
Does 20 divide 5570?
False
Is 10094 a multiple of 103?
True
Is 100 a factor of 1900?
True
Does 86 divide 71380?
True
Is 96539 a multiple of 71?
False
Does 25 divide 11365?
False
Does 61 divide 18261?
False
Is 18 a factor of 1308?
False
Does 116 divide 9860?
True
Is 4724 a multiple of 14?
False
Is 19 a factor of 947?
False
Is 3 a factor of 128?
False
Is 75816 a multiple of 12?
True
Does 5 divide 266?
False
Does 99 divide 20612?
False
Is 2602 a multiple of 9?
False
Is 4052 a multiple of 62?
False
Does 143 divide 11042?
False
Does 4 divide 693?
False
Does 76 divide 304?
True
Does 58 divide 6765?
False
Is 728 a multiple of 26?
True
Does 22 divide 49346?
True
Is 1980 a multiple of 33?
True
Is 12513 a multiple of 49?
False
Does 65 divide 11180?
